{"id":13,"date":"2024-11-04T13:41:01","date_gmt":"2024-11-04T13:41:01","guid":{"rendered":"http:\/\/promarprzyczepy.pl\/?page_id=13"},"modified":"2024-11-04T15:00:50","modified_gmt":"2024-11-04T15:00:50","slug":"kontakt","status":"publish","type":"page","link":"http:\/\/promarprzyczepy.pl\/?page_id=13","title":{"rendered":"Kontakt"},"content":{"rendered":"\n<p class=\"has-text-align-center\">PHUP Milewicz Agnieszka<\/p>\n\n\n\n<p><\/p>\n\n\n\n<p class=\"has-text-align-center\">Karsy Ma\u0142e 2528-133 Pacan\u00f3w<br>tel. +48 889-129-741<br>promareu@op.pl<\/p>\n\n\n\n<p><\/p>\n\n\n\n<p class=\"has-text-align-center\">Piotr Wr\u00f3bel   tel. +48 889-129-741<\/p>\n","protected":false},"excerpt":{"rendered":"<p>PHUP Milewicz Agnieszka Karsy Ma\u0142e 2528-133 Pacan\u00f3wtel. +48 889-129-741promareu@op.pl Piotr Wr\u00f3bel tel. +48 889-129-741<\/p>\n","protected":false},"author":1,"featured_media":0,"parent":0,"menu_order":0,"comment_status":"closed","ping_status":"closed","template":"","meta":{"footnotes":""},"class_list":["post-13","page","type-page","status-publish","hentry"],"_links":{"self":[{"href":"http:\/\/promarprzyczepy.pl\/index.php?rest_route=\/wp\/v2\/pages\/13","targetHints":{"allow":["GET"]}}],"collection":[{"href":"http:\/\/promarprzyczepy.pl\/index.php?rest_route=\/wp\/v2\/pages"}],"about":[{"href":"http:\/\/promarprzyczepy.pl\/index.php?rest_route=\/wp\/v2\/types\/page"}],"author":[{"embeddable":true,"href":"http:\/\/promarprzyczepy.pl\/index.php?rest_route=\/wp\/v2\/users\/1"}],"replies":[{"embeddable":true,"href":"http:\/\/promarprzyczepy.pl\/index.php?rest_route=%2Fwp%2Fv2%2Fcomments&post=13"}],"version-history":[{"count":4,"href":"http:\/\/promarprzyczepy.pl\/index.php?rest_route=\/wp\/v2\/pages\/13\/revisions"}],"predecessor-version":[{"id":42,"href":"http:\/\/promarprzyczepy.pl\/index.php?rest_route=\/wp\/v2\/pages\/13\/revisions\/42"}],"wp:attachment":[{"href":"http:\/\/promarprzyczepy.pl\/index.php?rest_route=%2Fwp%2Fv2%2Fmedia&parent=13"}],"curies":[{"name":"wp","href":"https:\/\/api.w.org\/{rel}","templated":true}]}}